{"id":750,"date":"2025-05-11T23:30:52","date_gmt":"2025-05-11T21:30:52","guid":{"rendered":"https:\/\/freezbefrance.com\/?page_id=750"},"modified":"2025-10-30T12:30:29","modified_gmt":"2025-10-30T11:30:29","slug":"nos-services","status":"publish","type":"page","link":"https:\/\/freezbefrance.com\/index.php\/nos-services\/","title":{"rendered":"Nos services"},"content":{"rendered":"\n<div class=\"wp-block-cover alignfull is-light\" style=\"margin-top:0;margin-bottom:0;padding-top:0px;padding-bottom:80px;min-height:300px;aspect-ratio:unset;\"><img decoding=\"async\" class=\"wp-block-cover__image-background wp-image-4206\" alt=\"\" src=\"https:\/\/tyler.com\/wp-content\/uploads\/2023\/12\/surf-banner1.jpg\" style=\"object-position:100% 50%\" data-object-fit=\"cover\" data-object-position=\"100% 50%\"\/><span aria-hidden=\"true\" class=\"wp-block-cover__background has-background-dim-0 has-background-dim\" style=\"background-color:#e9ceb0\"><\/span><div class=\"wp-block-cover__inner-container has-global-padding is-layout-constrained wp-container-core-cover-is-layout-d4c6b484 wp-block-cover-is-layout-constrained\">\n<div style=\"height:150px\" aria-hidden=\"true\" class=\"wp-block-spacer\"><\/div>\n\n\n\n<h1 class=\"wp-block-heading has-text-align-center has-text-color has-link-color has-suranna-font-family wp-elements-e8d6111cd481d2b02d3c5c8da2720494\" style=\"color:#ffffff;font-size:clamp(38.682px, 2.418rem + ((1vw - 3.2px) * 3.786), 72px);font-style:normal;font-weight:500\">Nos services<\/h1>\n<\/div><\/div>\n\n\n\n<div class=\"wp-block-group alignfull has-global-padding is-layout-constrained wp-container-core-group-is-layout-4383d167 wp-block-group-is-layout-constrained\">\n<div class=\"wp-block-group alignwide has-global-padding is-layout-constrained wp-container-core-group-is-layout-5ff8a92b wp-block-group-is-layout-constrained\" style=\"margin-top:0;margin-bottom:0;padding-top:100px;padding-bottom:100px\">\n<div class=\"wp-block-columns is-layout-flex wp-container-core-columns-is-layout-92515837 wp-block-columns-is-layout-flex\">\n<div class=\"wp-block-column is-vertically-aligned-center is-layout-flow wp-block-column-is-layout-flow\">\n<figure class=\"wp-block-image aligncenter size-full\"><img loading=\"lazy\" decoding=\"async\" width=\"694\" height=\"462\" src=\"https:\/\/freezbefrance.com\/wp-content\/uploads\/2025\/05\/CHF-2.png\" alt=\"\" class=\"wp-image-836\" style=\"aspect-ratio:2\/3;object-fit:cover\" srcset=\"https:\/\/freezbefrance.com\/wp-content\/uploads\/2025\/05\/CHF-2.png 694w, https:\/\/freezbefrance.com\/wp-content\/uploads\/2025\/05\/CHF-2-300x200.png 300w\" sizes=\"auto, (max-width: 694px) 100vw, 694px\" \/><\/figure>\n<\/div>\n\n\n\n<div class=\"wp-block-column is-vertically-aligned-center has-global-padding is-content-justification-center is-layout-constrained wp-block-column-is-layout-constrained\">\n<h3 class=\"wp-block-heading has-text-align-center has-text-color has-suranna-font-family\" style=\"color:#6fae38;margin-top:0.5rem;margin-bottom:0rem;font-size:clamp(24.034px, 1.502rem + ((1vw - 3.2px) * 1.814), 40px);font-style:normal;font-weight:500;letter-spacing:0px;line-height:1.3\">Equipements de r\u00e9frig\u00e9ration<\/h3>\n\n\n\n<hr class=\"wp-block-separator has-alpha-channel-opacity\"\/>\n\n\n\n<p class=\"has-text-align-center has-text-color has-link-color wp-elements-f7facc6b89dd919c1f121149b224f685\" style=\"color:#3496c2\"><strong>La ma\u00eetrise du froid au service de vos process<\/strong><\/p>\n\n\n\n<p class=\"has-text-align-center has-text-color has-link-color wp-elements-d8110f225c1b493b046d10066cbca2d2\" style=\"color:#090909\">Chez <strong>Freezbe<\/strong>, nous savons que la performance de vos process d\u00e9pend directement de la <strong>fiabilit\u00e9 de la cha\u00eene du froid<\/strong>.<br>C\u2019est pourquoi nous concevons et installons des <strong>\u00e9quipements de r\u00e9frig\u00e9ration sur mesure<\/strong>, capables d\u2019assurer stabilit\u00e9, s\u00e9curit\u00e9 et rendement \u00e9nerg\u00e9tique, quel que soit votre secteur : agroalimentaire, pharmaceutique ou industriel.<\/p>\n\n\n\n<p class=\"has-text-align-center has-text-color has-link-color wp-elements-43247f474e376afc49da6c9b61543f4d\" style=\"color:#3496c2\"><strong>Une technologie au service de la performance<\/strong><\/p>\n\n\n\n<p class=\"has-text-align-center\">Nos syst\u00e8mes assurent un contr\u00f4le pr\u00e9cis de la temp\u00e9rature, pour que chaque denr\u00e9e soit stock\u00e9e dans les conditions id\u00e9ales. Gr\u00e2ce \u00e0 une technologie de pointe et \u00e0 des composants s\u00e9lectionn\u00e9s pour leur fiabilit\u00e9, nous combinons performance de conservation et efficacit\u00e9 \u00e9nerg\u00e9tique, pour prot\u00e9ger \u00e0 la fois vos produits\u2026 et la plan\u00e8te. Avec <strong>Freezbe<\/strong>, vous ma\u00eetrisez vos co\u00fbts d\u2019exploitation, r\u00e9duisez les pertes et optimisez la continuit\u00e9 de vos activit\u00e9s<\/p>\n\n\n\n<p class=\"has-text-align-center has-text-color has-link-color wp-elements-3e0e192e0c9d4d4e6235b4199cc3c156\" style=\"color:#3496c2\"><strong>Un accompagnement \u00e0 360\u00b0<\/strong><\/p>\n\n\n\n<p class=\"has-text-align-center\">Notre \u00e9quipe d\u2019experts vous accompagne \u00e0 chaque \u00e9tape :<\/p>\n\n\n\n<ul class=\"wp-block-list\">\n<li><strong>Conseil<\/strong> dans le choix du mat\u00e9riel le mieux adapt\u00e9<\/li>\n\n\n\n<li><strong>Installation<\/strong> et mise en service optimis\u00e9e<\/li>\n\n\n\n<li><strong>Maintenance pr\u00e9ventive et curative<\/strong>, pour assurer la continuit\u00e9 de vos op\u00e9rations<\/li>\n<\/ul>\n\n\n\n<p class=\"has-text-align-center has-text-color has-link-color wp-elements-0a401f99d81bf20ff53ea7fd41a6223b\" style=\"color:#3496c2\"><strong>Un \u0153il sur vos installations, en temps r\u00e9el<\/strong><\/p>\n\n\n\n<p class=\"has-text-align-center\">Gr\u00e2ce \u00e0 nos <strong>outils de supervision \u00e0 distance<\/strong>, vous gardez la ma\u00eetrise de vos \u00e9quipements frigorifiques o\u00f9 que vous soyez.<br>Cette approche proactive permet de <strong>d\u00e9tecter les anomalies avant qu\u2019elles n\u2019affectent vos performances<\/strong>, assurant ainsi <strong>s\u00e9curit\u00e9, fiabilit\u00e9 et s\u00e9r\u00e9nit\u00e9<\/strong>.<\/p>\n\n\n\n<p class=\"has-text-align-center has-text-color has-link-color has-pontano-sans-font-family wp-elements-262fcbc19479d9ed1c64ea15c1c6b827\" style=\"color:#6fae38;font-size:clamp(14px, 0.875rem + ((1vw - 3.2px) * 0.455), 18px);\"><strong>Chez Freezbe, nous ne fournissons pas simplement des \u00e9quipements : nous construisons des partenariats durables.<\/strong><br>Votre succ\u00e8s est notre priorit\u00e9, et cela passe par un accompagnement de tous les instants, des conseils personnalis\u00e9s et des solutions qui \u00e9voluent avec vous.<\/p>\n\n\n\n<div class=\"wp-block-buttons is-horizontal is-content-justification-center is-layout-flex wp-container-core-buttons-is-layout-536c719d wp-block-buttons-is-layout-flex\" style=\"margin-top:20px\">\n<div class=\"wp-block-button has-custom-width wp-block-button__width-50 is-style-fill\"><a class=\"wp-block-button__link has-text-color has-background has-pontano-sans-font-family has-custom-font-size wp-element-button\" href=\"https:\/\/freezbefrance.com\/index.php\/contact\/\" style=\"border-style:none;border-width:0px;border-radius:0rem;color:#fffffd;background-color:#e27013;padding-top:0.71rem;padding-right:0.31rem;padding-bottom:0.71rem;padding-left:0.31rem;font-size:clamp(0.875rem, 0.875rem + ((1vw - 0.2rem) * 0.245), 1.01rem);font-style:normal;font-weight:600;letter-spacing:1px;line-height:1.5;text-transform:uppercase\">Contactez nous<\/a><\/div>\n<\/div>\n<\/div>\n<\/div>\n<\/div>\n<\/div>\n\n\n\n<div class=\"wp-block-group alignfull has-global-padding is-layout-constrained wp-container-core-group-is-layout-4383d167 wp-block-group-is-layout-constrained\">\n<div class=\"wp-block-group alignwide has-global-padding is-layout-constrained wp-container-core-group-is-layout-1be1424c wp-block-group-is-layout-constrained\" style=\"margin-top:0;margin-bottom:0;padding-bottom:100px\">\n<div class=\"wp-block-columns is-layout-flex wp-container-core-columns-is-layout-92515837 wp-block-columns-is-layout-flex\">\n<div class=\"wp-block-column is-vertically-aligned-center has-global-padding is-content-justification-center is-layout-constrained wp-block-column-is-layout-constrained\">\n<h3 class=\"wp-block-heading has-text-align-center has-text-color has-suranna-font-family\" style=\"color:#6fae38;margin-top:0.5rem;margin-bottom:0rem;font-size:clamp(24.034px, 1.502rem + ((1vw - 3.2px) * 1.814), 40px);font-style:normal;font-weight:500;letter-spacing:0px;line-height:1.3\">Service-conseil : l&rsquo;Expertise qui fait la diff\u00e9rence<\/h3>\n\n\n\n<hr class=\"wp-block-separator has-alpha-channel-opacity\"\/>\n\n\n\n<p class=\"has-text-align-center has-text-color has-link-color has-pontano-sans-font-family wp-elements-2cc29da018a2d979cd0d601580bafe7a\" style=\"color:#000000;font-size:clamp(14px, 0.875rem + ((1vw - 3.2px) * 0.455), 18px);\">Chez <strong>Freezbe<\/strong>, notre mission ne s\u2019arr\u00eate pas \u00e0 l\u2019installation de vos \u00e9quipements. Gr\u00e2ce \u00e0 notre service de conseil sp\u00e9cialis\u00e9, vous b\u00e9n\u00e9ficiez d\u2019un accompagnement strat\u00e9gique pour faire \u00e9voluer vos installations vers plus d\u2019efficacit\u00e9, de qualit\u00e9\u2026 et de rentabilit\u00e9..<\/p>\n\n\n\n<p class=\"has-text-align-center has-text-color has-link-color wp-elements-97cf1f44178c1b34a36ac02c64acc422\" style=\"color:#3496c2\"><strong>Des recommandations sur mesure<\/strong><\/p>\n\n\n\n<p class=\"has-text-align-center\">Nos services vous offrent des <strong>solutions concr\u00e8tes et adapt\u00e9es<\/strong> \u00e0 vos besoins en r\u00e9frig\u00e9ration. Nous analysons votre configuration actuelle et identifions les leviers d\u2019am\u00e9lioration pour optimiser la conservation de vos produits frais. <strong>Objectif : optimiser votre rentabilit\u00e9, am\u00e9liorer l\u2019efficacit\u00e9 \u00e9nerg\u00e9tique, la durabilit\u00e9 des installations et la qualit\u00e9 de vos produits.<\/strong><\/p>\n\n\n\n<p class=\"has-text-align-center has-text-color has-link-color wp-elements-cf3159b3feafe9120d63aee6bca9e3f8\" style=\"color:#3496c2\"><strong>Un accompagnement de bout en bout<\/strong><\/p>\n\n\n\n<p class=\"has-text-align-center\">De l\u2019<strong>\u00e9valuation initiale<\/strong> \u00e0 la remise de <strong>rapports d\u00e9taill\u00e9s<\/strong>, nous vous guidons \u00e0 chaque \u00e9tape. Nous vous aidons \u00e0 adopter les meilleures pratiques du secteur, tout en veillant au respect des normes en vigueur et \u00e0 la s\u00e9curit\u00e9 alimentaire. <strong>Avec Freezbe, vous avez un partenaire de confiance qui vous aide \u00e0 ma\u00eetriser vos enjeux de production.<\/strong><\/p>\n\n\n\n<p class=\"has-text-align-center has-text-color has-link-color wp-elements-dcfd1dabcd03a454af8bee300625800a\" style=\"color:#3496c2\"><strong>Une expertise reconnue au service de vos process<\/strong><\/p>\n\n\n\n<p class=\"has-text-align-center\">Chez <strong>Freezbe<\/strong>, nous mettons \u00e0 votre service une <strong>expertise compl\u00e8te en r\u00e9frig\u00e9ration industrielle<\/strong>, fond\u00e9e sur l\u2019exp\u00e9rience, la rigueur et l\u2019innovation.<br>De la conception \u00e0 la maintenance, nous ma\u00eetrisons chaque param\u00e8tre de la <strong>cha\u00eene du froid<\/strong> pour garantir <strong>fiabilit\u00e9, performance et continuit\u00e9<\/strong> dans vos op\u00e9rations.<\/p>\n\n\n\n<p class=\"has-text-align-center\">Notre connaissance approfondie des environnements <strong>agroalimentaires, pharmaceutiques et industriels<\/strong> nous permet de concevoir des solutions <strong>pr\u00e9cises, durables et adapt\u00e9es<\/strong> \u00e0 vos enjeux.<\/p>\n\n\n\n<p class=\"has-text-align-center has-text-color has-link-color wp-elements-6a4a86f5bfeebe05a8719a00d3e9b48d\" style=\"color:#3496c2\"><strong>Un partenaire engag\u00e9 \u00e0 vos c\u00f4t\u00e9s<\/strong><\/p>\n\n\n\n<p class=\"has-text-align-center has-text-color has-link-color has-pontano-sans-font-family wp-elements-d2af95b613d3a8c8440971177755253b\" style=\"color:#6fae38;font-size:clamp(14px, 0.875rem + ((1vw - 3.2px) * 0.455), 18px);\">Nos recommandations ne s\u2019arr\u00eatent pas \u00e0 un rapport. Nous restons \u00e0 vos c\u00f4t\u00e9s pour ajuster les param\u00e8tres, suivre les performances et faire <strong>\u00e9voluer vos strat\u00e9gies au rythme de votre activit\u00e9<\/strong>. Vous gagnez un partenaire impliqu\u00e9 dans votre r\u00e9ussite, \u00e0 l\u2019\u00e9coute de vos besoins, et capable de vous faire progresser sur le long terme.<\/p>\n\n\n\n<div class=\"wp-block-buttons is-horizontal is-content-justification-center is-layout-flex wp-container-core-buttons-is-layout-536c719d wp-block-buttons-is-layout-flex\" style=\"margin-top:20px\">\n<div class=\"wp-block-button has-custom-width wp-block-button__width-50 is-style-fill\"><a class=\"wp-block-button__link has-text-color has-background has-pontano-sans-font-family has-custom-font-size wp-element-button\" href=\"https:\/\/freezbefrance.com\/index.php\/contact\/\" style=\"border-style:none;border-width:0px;border-radius:0rem;color:#fffffd;background-color:#e27013;padding-top:0.71rem;padding-right:0.31rem;padding-bottom:0.71rem;padding-left:0.31rem;font-size:clamp(0.875rem, 0.875rem + ((1vw - 0.2rem) * 0.245), 1.01rem);font-style:normal;font-weight:600;letter-spacing:1px;line-height:1.5;text-transform:uppercase\">decouvrez<\/a><\/div>\n<\/div>\n<\/div>\n\n\n\n<div class=\"wp-block-column is-vertically-aligned-center is-layout-flow wp-block-column-is-layout-flow\">\n<figure class=\"wp-block-gallery alignright has-nested-images columns-default is-cropped wp-block-gallery-1 is-layout-flex wp-block-gallery-is-layout-flex\">\n<figure class=\"wp-block-image aligncenter size-full\"><img loading=\"lazy\" decoding=\"async\" width=\"692\" height=\"461\" data-id=\"809\" src=\"https:\/\/freezbefrance.com\/wp-content\/uploads\/2025\/05\/Capture-decran-2025-05-16-171800.png\" alt=\"\" class=\"wp-image-809\" style=\"aspect-ratio:2\/3;object-fit:cover\" srcset=\"https:\/\/freezbefrance.com\/wp-content\/uploads\/2025\/05\/Capture-decran-2025-05-16-171800.png 692w, https:\/\/freezbefrance.com\/wp-content\/uploads\/2025\/05\/Capture-decran-2025-05-16-171800-300x200.png 300w\" sizes=\"auto, (max-width: 692px) 100vw, 692px\" \/><\/figure>\n<\/figure>\n<\/div>\n<\/div>\n<\/div>\n<\/div>\n\n\n\n<div class=\"wp-block-group alignfull has-global-padding is-layout-constrained wp-container-core-group-is-layout-4383d167 wp-block-group-is-layout-constrained\">\n<div class=\"wp-block-group alignwide has-global-padding is-layout-constrained wp-container-core-group-is-layout-1be1424c wp-block-group-is-layout-constrained\" style=\"margin-top:0;margin-bottom:0;padding-bottom:100px\">\n<div class=\"wp-block-columns is-layout-flex wp-container-core-columns-is-layout-92515837 wp-block-columns-is-layout-flex\">\n<div class=\"wp-block-column is-vertically-aligned-center is-layout-flow wp-block-column-is-layout-flow\">\n<figure class=\"wp-block-image alignleft size-full\"><img loading=\"lazy\" decoding=\"async\" width=\"696\" height=\"460\" src=\"https:\/\/freezbefrance.com\/wp-content\/uploads\/2025\/05\/Capture-decran-2025-05-16-172736.png\" alt=\"\" class=\"wp-image-811\" style=\"aspect-ratio:2\/3;object-fit:cover\" srcset=\"https:\/\/freezbefrance.com\/wp-content\/uploads\/2025\/05\/Capture-decran-2025-05-16-172736.png 696w, https:\/\/freezbefrance.com\/wp-content\/uploads\/2025\/05\/Capture-decran-2025-05-16-172736-300x198.png 300w\" sizes=\"auto, (max-width: 696px) 100vw, 696px\" \/><\/figure>\n<\/div>\n\n\n\n<div class=\"wp-block-column is-vertically-aligned-center has-global-padding is-content-justification-center is-layout-constrained wp-block-column-is-layout-constrained\">\n<h3 class=\"wp-block-heading has-text-align-center has-text-color has-suranna-font-family\" style=\"color:#6fae38;margin-top:0.5rem;margin-bottom:0rem;font-size:clamp(24.034px, 1.502rem + ((1vw - 3.2px) * 1.814), 40px);font-style:normal;font-weight:500;letter-spacing:0px;line-height:1.3\">Gestion de projet : la ma\u00eetrise du froid, sur mesure<\/h3>\n\n\n\n<hr class=\"wp-block-separator has-alpha-channel-opacity\"\/>\n\n\n\n<p class=\"has-text-align-center has-text-color has-link-color has-pontano-sans-font-family wp-elements-a2da9f0f32ae1423508bd8c6f2839898\" style=\"color:#000000;font-size:clamp(14px, 0.875rem + ((1vw - 3.2px) * 0.455), 18px);\">Chez <strong>Freezbe<\/strong>, chaque projet est unique. C\u2019est pourquoi nous proposons une <strong>gestion de projet \u00e0 la carte<\/strong>, con\u00e7ue pour s\u2019adapter \u00e0 vos besoins sp\u00e9cifiques, \u00e0 votre rythme, \u00e0 votre budget. De l\u2019\u00e9tude technique ponctuelle au pilotage complet de l\u2019installation, <strong>vous choisissez le niveau d\u2019accompagnement<\/strong> qui vous convient.<\/p>\n\n\n\n<p class=\"has-text-align-center has-text-color has-link-color wp-elements-aad2a2b6c0fc1de7afad56ad16198357\" style=\"color:#3496c2\"><strong>Une approche sur mesure pour un r\u00e9sultat ma\u00eetris\u00e9<\/strong><\/p>\n\n\n\n<p class=\"has-text-align-center\">Nous prenons en main tout ou partie de votre projet : <strong>planification, coordination, suivi des d\u00e9lais, gestion du budget, fourniture des \u00e9quipements, installation et mise en service<\/strong>. Que vous ayez besoin d\u2019un appui technique ponctuel ou d\u2019un chef de projet d\u00e9di\u00e9, nous adaptons notre intervention \u00e0 vos priorit\u00e9s.<\/p>\n\n\n\n<p class=\"has-text-align-center has-text-color has-link-color wp-elements-701c7648ec9743a911f04acd55483665\" style=\"color:#3496c2\"><strong>Flexibilit\u00e9, efficacit\u00e9, s\u00e9r\u00e9nit\u00e9<\/strong><\/p>\n\n\n\n<p class=\"has-text-align-center\">Notre \u00e9quipe exp\u00e9riment\u00e9e vous accompagne \u00e0 chaque \u00e9tape avec <strong>souplesse et r\u00e9activit\u00e9<\/strong>. Chaque phase est optimis\u00e9e pour <strong>r\u00e9duire les d\u00e9lais<\/strong>, <strong>ma\u00eetriser les co\u00fbts<\/strong> et <strong>garantir la qualit\u00e9 finale<\/strong>. Vous b\u00e9n\u00e9ficiez d\u2019un interlocuteur unique, d\u2019un cadre clair\u2026 et de solutions taill\u00e9es sur mesure.<\/p>\n\n\n\n<p class=\"has-text-align-center has-text-color has-link-color wp-elements-d23ed08d0ca04bdc4c81ac8ccb943d45\" style=\"color:#3496c2\"><strong>Une communication fluide, \u00e0 chaque instant<\/strong><\/p>\n\n\n\n<p class=\"has-text-align-center has-text-color has-link-color has-pontano-sans-font-family wp-elements-9fca43ac3e6b6893ae9f11f1a9f4d297\" style=\"color:#000000;font-size:clamp(14px, 0.875rem + ((1vw - 3.2px) * 0.455), 18px);\">Parce que chaque d\u00e9cision compte, nous assurons une <strong>communication constante et transparente<\/strong>. Vous \u00eates tenu inform\u00e9 des avanc\u00e9es, des choix techniques et des \u00e9ventuels ajustements en temps r\u00e9el. Vous avez le contr\u00f4le, sans les contraintes.<\/p>\n\n\n\n<p class=\"has-text-align-center has-text-color has-link-color wp-elements-af096475756bfe98c74b01ed39a51c2f\" style=\"color:#3496c2\"><strong>Anticiper les risques, garantir le succ\u00e8s<\/strong><\/p>\n\n\n\n<p class=\"has-text-align-center\">Nos chefs de projet int\u00e8grent une <strong>analyse de risques proactive<\/strong> d\u00e8s le d\u00e9marrage. Cela nous permet de pr\u00e9voir, corriger et ajuster en continu, pour <strong>\u00e9viter les impr\u00e9vus<\/strong> et assurer une installation conforme \u00e0 vos attentes, dans les d\u00e9lais.<\/p>\n\n\n\n<p class=\"has-text-align-center has-text-color has-link-color wp-elements-1e805799233f91a4b5c80af5b2429850\" style=\"color:#6fae38\"><strong>Avec Freezbe, votre projet est le n\u00f4tre, mais il reste \u00e0 votre image.<\/strong><br>Gr\u00e2ce \u00e0 notre approche \u00e0 la carte, vous b\u00e9n\u00e9ficiez d\u2019un accompagnement dimensionn\u00e9 pour <strong>r\u00e9pondre \u00e0 vos objectifs, sans superflu, ni compromis sur la qualit\u00e9<\/strong>.<\/p>\n\n\n\n<div class=\"wp-block-buttons is-horizontal is-content-justification-center is-layout-flex wp-container-core-buttons-is-layout-536c719d wp-block-buttons-is-layout-flex\" style=\"margin-top:20px\">\n<div class=\"wp-block-button has-custom-width wp-block-button__width-50 is-style-fill\"><a class=\"wp-block-button__link has-text-color has-background has-pontano-sans-font-family has-custom-font-size wp-element-button\" href=\"https:\/\/freezbefrance.com\/index.php\/contact\/\" style=\"border-style:none;border-width:0px;border-radius:0rem;color:#fffffd;background-color:#e27013;padding-top:0.71rem;padding-right:0.31rem;padding-bottom:0.71rem;padding-left:0.31rem;font-size:clamp(0.875rem, 0.875rem + ((1vw - 0.2rem) * 0.245), 1.01rem);font-style:normal;font-weight:600;letter-spacing:1px;line-height:1.5;text-transform:uppercase\">EN SAVOIR PLUS<\/a><\/div>\n<\/div>\n<\/div>\n<\/div>\n<\/div>\n<\/div>\n\n\n\n<section class=\"wp-block-cover alignfull\" style=\"margin-top:0px;padding-top:1.01rem;padding-bottom:1.01rem;min-height:430px;aspect-ratio:unset;\"><img loading=\"lazy\" decoding=\"async\" width=\"1024\" height=\"602\" class=\"wp-block-cover__image-background wp-image-821 size-large\" alt=\"\" src=\"https:\/\/freezbefrance.com\/wp-content\/uploads\/2025\/05\/fruits-et-legumes-3-1024x602.jpg\" data-object-fit=\"cover\" srcset=\"https:\/\/freezbefrance.com\/wp-content\/uploads\/2025\/05\/fruits-et-legumes-3-1024x602.jpg 1024w, https:\/\/freezbefrance.com\/wp-content\/uploads\/2025\/05\/fruits-et-legumes-3-300x176.jpg 300w, https:\/\/freezbefrance.com\/wp-content\/uploads\/2025\/05\/fruits-et-legumes-3-768x452.jpg 768w, https:\/\/freezbefrance.com\/wp-content\/uploads\/2025\/05\/fruits-et-legumes-3-1536x904.jpg 1536w, https:\/\/freezbefrance.com\/wp-content\/uploads\/2025\/05\/fruits-et-legumes-3-2048x1205.jpg 2048w\" sizes=\"auto, (max-width: 1024px) 100vw, 1024px\" \/><span aria-hidden=\"true\" class=\"wp-block-cover__background has-background-dim-30 has-background-dim\" style=\"background-color:#090909\"><\/span><div class=\"wp-block-cover__inner-container has-global-padding is-layout-constrained wp-container-core-cover-is-layout-b1bebcb3 wp-block-cover-is-layout-constrained\">\n<p class=\"has-text-align-center has-large-font-size\"><\/p>\n<\/div><\/section>\n\n\n\n<p><\/p>\n","protected":false},"excerpt":{"rendered":"<p>Equipements de r\u00e9frig\u00e9ration La ma\u00eetrise du froid au service de vos process Chez Freezbe, nous savons que la performance de vos process d\u00e9pend directement de la fiabilit\u00e9 de la cha\u00eene du froid.C\u2019est pourquoi nous concevons et installons des \u00e9quipements de r\u00e9frig\u00e9ration sur mesure, capables d\u2019assurer stabilit\u00e9, s\u00e9curit\u00e9 et rendement \u00e9nerg\u00e9tique, quel que soit votre secteur [&hellip;]<\/p>\n","protected":false},"author":1,"featured_media":0,"parent":0,"menu_order":0,"comment_status":"closed","ping_status":"closed","template":"","meta":{"_kadence_starter_templates_imported_post":false,"footnotes":""},"class_list":["post-750","page","type-page","status-publish","hentry"],"_links":{"self":[{"href":"https:\/\/freezbefrance.com\/index.php\/wp-json\/wp\/v2\/pages\/750","targetHints":{"allow":["GET"]}}],"collection":[{"href":"https:\/\/freezbefrance.com\/index.php\/wp-json\/wp\/v2\/pages"}],"about":[{"href":"https:\/\/freezbefrance.com\/index.php\/wp-json\/wp\/v2\/types\/page"}],"author":[{"embeddable":true,"href":"https:\/\/freezbefrance.com\/index.php\/wp-json\/wp\/v2\/users\/1"}],"replies":[{"embeddable":true,"href":"https:\/\/freezbefrance.com\/index.php\/wp-json\/wp\/v2\/comments?post=750"}],"version-history":[{"count":20,"href":"https:\/\/freezbefrance.com\/index.php\/wp-json\/wp\/v2\/pages\/750\/revisions"}],"predecessor-version":[{"id":936,"href":"https:\/\/freezbefrance.com\/index.php\/wp-json\/wp\/v2\/pages\/750\/revisions\/936"}],"wp:attachment":[{"href":"https:\/\/freezbefrance.com\/index.php\/wp-json\/wp\/v2\/media?parent=750"}],"curies":[{"name":"wp","href":"https:\/\/api.w.org\/{rel}","templated":true}]}}